2 + 9. What is m(3)?
72
Let v(w) = w**3 - w**2 - 8. Calculate v(0).
-8
Let w(q) = 61*q + 734. Calculate w(-12).
2
Let y(g) = g**2 - g + 1. Determine y(3).
7
Let h(o) = o**3 + 6*o**2 - 6*o + 29. Determine h(-7).
22
Let j(k) = -4*k. Determine j(-2).
8
Let d(s) = -s**2 + 13*s - 63. Give d(8).
-23
Let p(l) = l**3 - l**2 + l - 33. Give p(0).
-33
Let m(g) = 19*g - 48. Determine m(3).
9
Let f(r) = 6*r**2 - 15*r + 6. Calculate f(1).
-3
Let p(x) = 2*x**2 + 26*x - 1. Calculate p(-10).
-61
Let p(i) = 3*i + 1. Give p(3).
10
Let d(j) = j + 74. Give d(0).
74
Let r(o) = 2*o**3 - 10*o**2 + 10*o - 1. Give r(3).
-7
Let f(h) = h**3 + 8*h**2 + 9*h + 1. Determine f(-6).
19
Let m(j) = -16*j - 6. Determine m(1).
-22
Let o(t) = -9*t - 2. Determine o(4).
-38
Let t(b) = 10*b + 11. Give t(-6).
-49
Let w(o) = 32*o - 5. Give w(5).
155
Let r(x) = -18*x - 20. Calculate r(-1).
-2
Let q(j) = j**3 - 10*j**2 + 3*j - 31. Give q(9).
-85
Let x(z) = 10*z. Calculate x(-1).
-10
Let n(s) = 14*s + 2. Determine n(-5).
-68
Let g(h) = h**3 + 42*h**2 - 3*h - 86. Give g(-42).
40
Let u(m) = m**3 + 15*m**2 + 2*m + 6. Determine u(-15).
-24
Let o(l) = l**2 + 25*l + 152. What is o(-14)?
-2
Let l(y) = 4*y - 28. What is l(-6)?
-52
Let v(k) = -3*k + 17. What is v(8)?
-7
Let k(g) = -g - 25. What is k(17)?
-42
Let v(t) = -t**3 + 4*t**2 - 3*t + 13. Give v(4).
1
Let w(x) = 6*x**2 - 13*x + 12. What is w(1)?
5
Let v(x) = x - 28. Calculate v(28).
0
Let z(u) = 14*u + 27. Calculate z(-2).
-1
Let a(w) = w - 2. What is a(8)?
6
Let k(r) = -5*r**3 - 2*r**2 + r. Determine k(1).
-6
Let d(m) = -m**3 + 6*m**2 + 4*m + 8. Give d(7).
-13
Let r(f) = f - 15. Give r(0).
-15
Let x(s) = s**2 + 9*s + 2. Give x(-5).
-18
Let u(f) = -5*f + 50. Calculate u(19).
-45
Let a(p) = -2*p + 24. Calculate a(0).
24
Let f(i) = -i**2 + 10*i + 22. Determine f(-2).
-2
Let h(n) = n - 28. Determine h(10).
-18
Let r(a) = -a**3 - 7*a**2 + 79*a + 15. Give r(-13).
2
Let q(m) = -6*m + 27. Determine q(4).
3
Let a(u) = u**2 - u - 7. Determine a(3).
-1
Let c(h) = -h**3 + 4*h**2 + 6*h + 3. Determine c(5).
8
Let j(z) = -z**3 - 19*z**2 - 16*z + 26. Give j(-18).
-10
Let i(u) = -u**3 + 3*u**2 + 8*u - 23. Calculate i(4).
-7
Let k(h) = h**3 - 19*h**2 + 4*h + 265. Calculate k(18).
13
Let b(d) = -2*d - 84. Calculate b(-42).
0
Let d(t) = 5*t. What is d(-7)?
-35
Let i(s) = 28*s - 7. Give i(-5).
-147
Let g(k) = -k**2 - 20*k - 41. Give g(-17).
10
Let n(v) = v**3 - 2*v**2 - v. Give n(3).
6
Let z(j) = 7*j + 68. Determine z(-8).
12
Let p(b) = -6*b**3 + 2*b**2 - b - 1. What is p(-1)?
8
Let p(t) = t**3 + 8*t**2 - 10*t - 8. Determine p(-9).
1
Let q(h) = -4*h - 34. Calculate q(-7).
-6
Let r(a) = a**3 - 11*a**2 + 13*a + 11. Determine r(11).
154
Let r(t) = t**3 - 13*t**2 + t + 6. Determine r(13).
19
Let m(u) = u**2 + 7*u + 3. What is m(-8)?
11
Let c(n) = n**3 + 14*n**2 + 13*n + 11. Give c(-13).
11
Let i(w) = -6*w**3 - 1. Give i(-1).
5
Let o(g) = g**3 - g**2 - 4*g + 1. Determine o(-2).
-3
Let k(l) = -l**2 - 17*l + 10. Give k(-18).
-8
Let f(h) = -18*h**2 - h - 3. Calculate f(0).
-3
Let q(u) = 4*u**2 - 19*u + 2. Calculate q(5).
7
Let h(z) = 2*z**2 - 55*z - 85. What is h(29)?
2
Let m(r) = 2*r + 6. Determine m(8).
22
Let a(y) = -12*y + 76. Determine a(5).
16
Let b(k) = k**2 + k + 2. Give b(-3).
8
Let l(k) = -k**2 + 9*k - 15. Determine l(6).
3
Let m(p) = -p**3 + 5*p**2 + 9*p - 12. Determine m(5).
33
Let q(j) = j**3 + 2*j**2 - 6*j - 8. Determine q(-4).
-16
Let z(b) = 6*b + 11. Determine z(-9).
-43
Let z(y) = -y**2 - 30*y - 79. Give z(-26).
25
Let w(c) = -2*c**2 - 52*c - 353. Give w(-12).
-17
Let m(w) = -w**2 + 11*w - 2. What is m(10)?
8
Let v(q) = q - 34. Calculate v(18).
-16
Let j(l) = l**3 + 16*l**2 + 23*l - 86. What is j(-14)?
-16
Let f(u) = -u**2 + u + 13. Give f(0).
13
Let j(q) = q**3 - 15*q**2 - 37*q + 35. Determine j(17).
-16
Let f(g) = -11*g**2 + 2*g + 1. What is f(2)?
-39
Let y(u) = u**3 + 2*u**2 - 4*u + 10. Determine y(-4).
-6
Let u(o) = o + 22. Determine u(-22).
0
Let z(s) = s**3 + 6*s**2 + 6*s + 5. Determine z(-4).
13
Let u(f) = 23*f**2 - 2*f - 4. Calculate u(-1).
21
Let s(m) = -19*m - 469. Give s(-25).
6
Let a(v) = -v**2 + 26*v - 160. Determine a(8).
-16
Let n(o) = -4*o + 35. What is n(15)?
-25
Let g(x) = -4*x**2 + 6. Give g(-3).
-30
Let v(j) = -j**2 + 9*j - 10. What is v(8)?
-2
Let c(a) = a**2 - 10*a + 6. Calculate c(10).
6
Let w(h) = 15*h - 30. Calculate w(1).
-15
Let s(h) = -h**3 - 21*h**2 + h - 12. What is s(-21)?
-33
Let l(p) = 20*p - 477. Determine l(24).
3
Let r(c) = -2*c**2 + 7*c + 5. Calculate r(6).
-25
Let p(u) = 36*u + 342. Determine p(-9).
18
Let i(x) = -2*x**3 + 4*x + 4. Determine i(-2).
12
Let c(g) = -5*g**2 + g + 1. Give c(-2).
-21
Let a(v) = -17*v + 5. Calculate a(-5).
90
Let q(g) = g**3 + 9*g**2 - 14*g. What is q(-10)?
40
Let n(j) = j**3 - 15*j**2 - 19*j + 48. Determine n(16).
0
Let b(z) = -11*z - 70. Determine b(0).
-70
Let b(v) = v**2 - 6*v. Determine b(6).
0
Let q(r) = 45*r + 29. Determine q(-2).
-61
Let f(u) = 3*u - 4. Give f(5).
11
Let z(i) = i**3 + 5*i**2 - i - 1. Determine z(-4).
19
Let c(b) = -b + 13. What is c(11)?
2
Let h(v) = v**3 + 16*v**2 + 13*v - 10. Determine h(-15).
20
Let h(p) = p**3 + 12*p**2 - 25*p + 14. Determine h(-14).
-28
Let d(t) = t**3 + 26*t**2 - 27*t + 28. What is d(-27)?
28
Let l(w) = w**3 + 7*w**2 + 9*w + 6. Determine l(-6).
-12
Let f(i) = -5*i - 18. Determine f(-8).
22
Let t(b) = -b**3 + 3*b**2 + 5*b - 12. Calculate t(3).
3
Let s(n) = n**3 - 4*n**2 + 5*n + 4. Calculate s(2).
6
Let u(g) = -5*g + 27. What is u(9)?
-18
Let o(a) = 24*a - 101. What is o(4)?
-5
Let p(m) = m - 8. Determine p(2).
-6
Let s(i) = i**2 + 99*i + 559. Calculate s(-6).
1
Let s(g) = -g**2 + 6*g + 12. Give s(9).
-15
Let g(q) = 2*q + 1. What is g(-5)?
-9
Let h(z) = 3*z + 31. Determine h(-15).
-14
Let x(f) = f**3 - 8*f**2 + 10*f - 1. Determine x(5).
-26
Let a(f) = -3*f**2 - 30*f - 66. Give a(-4).
6
Let t(l) = l**3 - 5*l**2 + 3*l - 7. What is t(5)?
8
Let z(r) = -3*r**3 - 4*r**2 + 6*r + 3. Determine z(-3).
30
Let y(z) = 13*z + 666. What is y(-50)?
16
Let j(r) = -26*r**2 + 2*r. Determine j(1).
-24
Let k(p) = -p - 1. Give k(13).
-14
Let w(m) = -3*m - 4. Calculate w(-6).
14
Let w(u) = u**3 - 3*u**2 - 4*u - 13. Calculate w(4).
-13
Let i(m) = m**3 + 22*m**2 + m + 19. Give i(-22).
-3
Let f(v) = 2*v**3 - 5*v**2 - 4*v - 2. Determine f(-3).
-89
Let d(i) = -i**2 - 14*i - 2. Give d(-16).
-34
Let t(l) = -l**2 - 8*l + 5. Give t(5).
-60
Let v(l) = l**2 + 15*l + 4. Determine v(-16).
20
Let g(j) = -j**3 + 16*j**2 - 14*j - 10. Calculate g(15).
5
Let p(j) = j**3 - 15*j**2 - 15*j - 57. Determine p(16).
-41
Let z(c) = -c**2 - 4*c + 8. What is z(-7)?
-13
Let l(h) = 13*h + 35. Calculate l(-4).
-17
Let t(w) = -2*w**2 - 11*w - 12. Determine t(-6).
-18
Let z(o) = o + 4. What is z(-1)?
3
Let y(u) = -2*u**2 + 12*u - 1. Calculate y(4).
15
Let r(y) = -y**3 - 13*y**2 - y - 20. Determine r(-13).
-7
Let z(m) = -9*m + 6. Calculate z(4).
-30
Let u(d) = d**2 + 13*d + 38. Determine u(-6).
-4
Let u(b) = -2*b**2 + b + 3. Determine u(2).
-3
Let b(y) = -y**3 - 6*y**2 + 7*y - 8. Determine b(-7).
-8
Let t(h) = h**2 - 9*h + 6. Determine t(8).
-2
Let u(z) = -3*z**2 - 17*z - 16. Determine u(-5).
-6
Let b(g) = -g**3 - 5*g**2 - 5*g - 4. Give b(-5).
21
Let t(m) = 15*m - 123. Calculate t(8).
-3
Let g(f) = -f**2 + 2*f + 38. Determine g(7).
3
Let r(w) = -3*w**2 + 28*w - 7. Determine r(9).
2
Let n(j) = -2*j - 3. Determine n(10).
-23
Let u(d) = d**3 - 25*d**2 - 20*d - 18. What is u(26)?
138
Let h(i) = i**2 - i - 6. Give h(-6).
36
Let p(x) = -x**2 - 5*x + 7. Determine p(3).
-17
Let b(z) = z**3 + 4*z**2 - 6*z + 6. Determine b(-5).
11
Let n(k) = k**3 + 5*k**2 + 7*k + 1. Give n(-4).
-11
Let p(q) = 18*q + 8. Determine p(-4).
-64
Let s(o) = -20*o - 2. Calculate s(1).
-22
Let n(o) = 36*o + 3. What is n(-1)?
-33
Let i(j) = j**2 - 18*j - 1. Give i(19).
18
Let b(g) = g**2 - 4*g - 43. What is b(9)?
2
Let b(c) = c**3 - 2*c**2 + 4*c - 1. Calculate b(2).
7
Let o(g) = g**2 - 35*g + 179. Give o(28).
-17
Let x(t) = t**3 - 9*t**2 - t + 7. Give x(9).
-2
Let l(t) = 2*t**3 - 4*t**2 - t + 2. Determine l(3).
17
Let k(z) = -z**2 + z + 10. Determine k(0).
10
Let l(w) = 5*w - 2. Determine l(2).
8
Let m(k) = -k - 3. What is m(9)?
-12
Let k(z) = -z**3 - 3*z**2 + 39*z - 10. Determine k(-8).
-2
Let p(s) = s**2 - s - 3. Determine p(5).